2*z + 18. What is the remainder when s(-2) is divided by 4?
2
Let l(g) = g**3 + 14*g**2 - g + 14. Calculate the remainder when 81 is divided by l(-14).
25
Let t(a) = a**2 - 5*a + 3. Let q be t(6). Suppose 4*b - 71 = 33. What is the remainder when b is divided by q - 1/2*0?
8
Let w(r) = r - 4. Let p be w(2). What is the remainder when (-5)/((-3 - p)*1) is divided by 2?
1
Let p be -1 - (-1 + (2 - 2)). Suppose -u + 19 = 4*s - s, 5*u + 2*s - 56 = 0. Suppose p*a - a = -u. Calculate the remainder when 28 is divided by a.
8
Suppose 3 = 4*a - 13. What is the remainder when 5 is divided by a?
1
Let k(v) = -v**2 - v + 5. Let a be k(0). Suppose 4*d - d = -a*g + 81, 5*g = -2*d + 59. What is the remainder when d is divided by 12?
10
Let j be (-1)/(-4) - 1158/24. Calculate the remainder when 29 is divided by (-468)/j + 2/8.
9
Let n = 2 + -2. Let v(y) = -y**3 - y**2 + 30. What is the remainder when 57 is divided by v(n)?
27
Suppose -6 = -a - 0. Suppose f + 5*h - 2 = 0, -a*h + 8 = 4*f - h. Let c = f - -5. What is the remainder when 25 is divided by c?
4
Calculate the remainder when 24 is divided by 1/((-2)/(-6)) - -6.
6
Let k = 7 + -8. Let d be ((-3)/(-15))/(k/(-5)). Calculate the remainder when (-83)/(-2) + d/2 is divided by 11.
9
Suppose -37 = -2*p + 69. Suppose 2*z = -3*h + p, -2*h = -z - z - 52. What is the remainder when (48/3)/((-18)/(-45)) is divided by h?
19
Let i(o) = -o**3 - 7*o**2 + 9*o + 11. Let m be i(-8). Suppose -4 = 2*k, -5*k - 9 - 10 = -m*w. What is the remainder when 5 is divided by w?
2
Let j be 15*(1 - (0 - -2)). Suppose -w + 2*i + 2 = 0, -i - i = -4*w - 10. Let t = w - j. Calculate the remainder when 32 is divided by t.
10
Let h(t) = -2*t + 9. Let i(y) = -3*y + 18. Let n(m) = -9*h(m) + 4*i(m). What is the remainder when n(7) is divided by 9?
6
Let p = 25 + -2. Let y = 36 + p. Calculate the remainder when y is divided by 12.
11
Suppose q = 5*l, 3*q + q = l + 57. What is the remainder when q is divided by 9?
6
Suppose -5*k - 66 = -161. Calculate the remainder when 75 is divided by k.
18
Let o = -415 + 608. What is the remainder when o is divided by 49?
46
Let u be 15*-3*(-2)/(-18). Let m(y) = y**3 + 6*y**2 + 2*y - 3. What is the remainder when 35 is divided by m(u)?
11
Let s(f) = -3*f**2 - 5*f. Let o(w) = w. Let a(x) = -3*o(x) - s(x). Suppose 70 = k + 4*k. Calculate the remainder when k is divided by a(-2).
6
Let q(f) = 7*f + 7. Let a(x) = -8*x - 7. Let t(j) = -3*a(j) - 4*q(j). What is the remainder when t(-3) is divided by 2?
1
Let m(o) be the third derivative of -o**4/4 + o**3/6 - 2*o**2. Let v be m(2). Let w = 19 + v. What is the remainder when 22 is divided by w?
6
Let t = -13 - -24. Let n(b) = b**3 - 6*b**2 + 7*b + 1. Calculate the remainder when n(6) is divided by t.
10
Suppose 1 = -2*q - 3*b - 4, -5*b + 8 = q. Let u = -5 - q. Suppose u*i - 4 = 4*g, -i + 5*g + 15 = 4*i. What is the remainder when i is divided by 2?
0
Let y(a) = -32*a - 8. Let d be y(-7). Suppose 240 = 2*p - 64. Let j = d - p. What is the remainder when j is divided by 22?
20
Let d be ((-1)/2)/(6/(-24)). Suppose -d*j + 52 = 2*j. Calculate the remainder when j is divided by ((-14)/4)/(1/(-2)).
6
Suppose 28 = 3*t + 7. What is the remainder when t is divided by 3*3/(-9)*-2?
1
Suppose 0 = 3*s + 3 - 0. Calculate the remainder when 39 is divided by (10/(-2))/(s/2).
9
Suppose 36 = 3*j + 3*l, j - 16 = -0*j - 2*l. Calculate the remainder when (26/(-3) + -1)/((-27)/81) is divided by j.
5
Let h(r) = r**2 - 8*r + 2. Calculate the remainder when h(11) is divided by 12.
11
Let w(j) = 20*j**2 - 3*j - 2. Calculate the remainder when 40 is divided by w(-1).
19
Let n be (-2)/3 - 411/(-9). Suppose 3*c - 4*w = n + 40, -4*c + 4*w + 120 = 0. What is the remainder when c is divided by 18?
17
Suppose 5*f = f - 16, -3*r - 5*f = -25. Calculate the remainder when 57 is divided by r.
12
Let x(d) be the second derivative of 26*d**3/3 + d**2/2 + 3*d. Let u(y) = 2*y**2 - 8*y - 6. What is the remainder when x(1) is divided by u(6)?
17
Let f(j) = j**3 - j**2 + 3*j. What is the remainder when 69 is divided by f(2)?
9
Let b = 185 + -83. Calculate the remainder when b is divided by 15.
12
Suppose -104 = 5*o - 409. Calculate the remainder when o is divided by 31.
30
Suppose 3*z + z + 4*r - 48 = 0, 3*r + 18 = 3*z. Suppose -5*k = 15, -3*m + 0*k + z = -k. What is the remainder when 6 is divided by m?
0
Let f(r) = r**2 + 2*r + 2. What is the remainder when f(-5) is divided by 5?
2
Let d be 1/3 + (-44)/(-3). Let i be (-1 + 1)/(2 - 4). Suppose -u - 3*w + 31 + d = i, 4*u - 2*w - 198 = 0. Calculate the remainder when u is divided by 17.
15
Suppose 8 = 3*u - 7. Suppose -3*a = 2*a - 10. Suppose -4*p + a*d + 32 = 3*d, 3*p + u*d - 41 = 0. Calculate the remainder when 12 is divided by p.
5
Let o(p) = p**2 - 7*p. Let t be o(6). What is the remainder when -5*2/(t/3) is divided by 2?
1
Let i = 83 + -22. Calculate the remainder when i is divided by 26.
9
What is the remainder when (-3)/5 - (-1683)/55 is divided by 11?
8
Let i(k) = -k**3 + 5*k**2 - 7*k + 28. Calculate the remainder when 1/4 - (-230)/8 is divided by i(4).
13
Suppose s + 0*s + 10 = 0. Let q = s + 20. Let n = 38 + -20. Calculate the remainder when n is divided by q.
8
Let n = 5 - 5. Suppose -2*p + 0*p + 60 = n. Calculate the remainder when p is divided by 16.
14
Suppose -3*m = -3*o - 69, -4*m + 5*o + 98 = 4. Calculate the remainder when 41 is divided by m.
20
Suppose 0 = k - 0*k - 75. Calculate the remainder when k is divided by 39.
36
Suppose 23*h - 28*h + 95 = 0. Calculate the remainder when h is divided by 4.
3
Calculate the remainder when 30/105 + (-320)/(-7) is divided by 16.
14
What is the remainder when (335/15)/(1/3) is divided by 17?
16
Let r(h) = h - 2. Let k(s) = s**2 - 6*s - s + 6*s. What is the remainder when r(4) is divided by k(2)?
0
Let y = 4 + -3. Calculate the remainder when (-183)/(-6)*(1 + y) is divided by 16.
13
Suppose q + 6*z = 3*z - 51, -q + 2*z - 36 = 0. Suppose 3*f = -0*f + 186. What is the remainder when f is divided by (9 - 10)/(2/q)?
20
Let k = 61 - 47. What is the remainder when 54 is divided by k?
12
Suppose -5*m = -3*m - 12. Calculate the remainder when (29/4)/(5/20) is divided by m.
5
Let s(n) = 15*n - 9. Let x(m) = -29*m + 18. Let q(u) = 5*s(u) + 2*x(u). Let g be q(6). Suppose y + g = 4*y. Calculate the remainder when y is divided by 11.
9
Suppose -5*w + 143 = 3*h, 2*w - 7*w + 5*h + 135 = 0. Let g = 234 - 152. What is the remainder when g is divided by w?
26
Suppose -33*l + 18*l = -345. Calculate the remainder when l is divided by 13.
10
Let y(u) = 7*u**2 - 2*u - 1. Let d be (12/5)/((-18)/(-60)). Suppose -h + d = -0*h. What is the remainder when y(2) is divided by h?
7
Suppose -12 = -o + 3*c, -2*o + 13 = -4*c - 7. Calculate the remainder when 13 is divided by o.
1
Suppose -2*i = -2*n - 12, -n = -3*i + 6 + 14. Calculate the remainder when 18 is divided by i.
4
Let v(q) = -20*q + 4. Calculate the remainder when 119 is divided by v(-1).
23
Suppose 0 = -90*q + 92*q - 14. What is the remainder when 27 is divided by q?
6
Let u = 8 + 304. Let l be 2/10 - u/(-15). Suppose -z + 0*j - 4*j + l = 0, -3*j - 8 = -4*z. Calculate the remainder when z is divided by 2.
1
Suppose 3*t + 2 = i + 16, -22 = -4*t - 2*i. Suppose r - 3 = t. Let c = r - -4. Calculate the remainder when 23 is divided by c.
11
Let c be (-1)/(-1 + 9/12). Suppose 4*s - c = 56. What is the remainder when 28 is divided by s?
13
Suppose 0 = -5*j - 10 - 10. What is the remainder when j/16 + 17/4 is divided by 2?
0
Let n = 36 - 19. Let o = -12 + 17. What is the remainder when n is divided by o?
2
Let b be 2/11 + (-756)/(-77). Suppose -4*x = -b - 42. Calculate the remainder when x is divided by 5.
3
Suppose -d = -l + 2, 4*l - 4 = 3*l + 3*d. Suppose -h + 5 = l. What is the remainder when h is divided by 2?
0
Suppose -5*k - 80 = -9*c + 4*c, -c + 21 = 4*k. Let v = 185 + -74. Let j = -62 + v. What is the remainder when j is divided by c?
15
Suppose 2*l - 18 = 10. Calculate the remainder when 40 is divided by l.
12
Suppose 4*a = 3*a + 25. Suppose d + 1 = -1. Calculate the remainder when a is divided by 1 + d*1*-4.
7
Suppose -b + 6 = -0*b. Suppose b = 5*t - 14. Calculate the remainder when (3/2)/((-1)/(-4)) is divided by t.
2
Let c be -21 - (1 + 0) - 0. Let q be ((-6)/12)/(2/(-14